{"id":4943,"date":"2024-05-16T21:46:49","date_gmt":"2024-05-16T19:46:49","guid":{"rendered":"https:\/\/www.czirpczirp.cc\/?page_id=4943"},"modified":"2024-09-07T13:28:10","modified_gmt":"2024-09-07T11:28:10","slug":"soil-choir-v-3-1","status":"publish","type":"page","link":"https:\/\/www.czirpczirp.cc\/?page_id=4943","title":{"rendered":"SOIL CHOIR v.3.1."},"content":{"rendered":"\n<div style=\"height:20px\" aria-hidden=\"true\" class=\"wp-block-spacer\"><\/div>\n\n\n\n<figure class=\"wp-block-image size-full\"><a href=\"https:\/\/www.czirpczirp.cc\/wp-content\/uploads\/2024\/09\/KLANGHAIN_soil-chor_close-IV-\u00a9-Aled-Ordu.jpg\" rel=\"lightbox[4943]\"><img loading=\"lazy\" decoding=\"async\" width=\"800\" height=\"534\" src=\"https:\/\/www.czirpczirp.cc\/wp-content\/uploads\/2024\/09\/KLANGHAIN_soil-chor_close-IV-\u00a9-Aled-Ordu.jpg\" alt=\"\" class=\"wp-image-5412\" srcset=\"https:\/\/www.czirpczirp.cc\/wp-content\/uploads\/2024\/09\/KLANGHAIN_soil-chor_close-IV-\u00a9-Aled-Ordu.jpg 800w, https:\/\/www.czirpczirp.cc\/wp-content\/uploads\/2024\/09\/KLANGHAIN_soil-chor_close-IV-\u00a9-Aled-Ordu-300x200.jpg 300w, https:\/\/www.czirpczirp.cc\/wp-content\/uploads\/2024\/09\/KLANGHAIN_soil-chor_close-IV-\u00a9-Aled-Ordu-768x513.jpg 768w\" sizes=\"auto, (max-width: 800px) 100vw, 800px\" \/><\/a><figcaption class=\"wp-element-caption\">Bild: Aled Ordu, 2024.<\/figcaption><\/figure>\n\n\n\n<div style=\"height:50px\" aria-hidden=\"true\" class=\"wp-block-spacer\"><\/div>\n\n\n\n<p class=\"has-text-align-right\">\u201eIch bezweifle, dass es irgendeine andere Gattung gibt, die eine so wichtige Rolle in der Weltgeschichte gespielt hat wie diese einfach strukturierten Lebewesen.\u201c (Charles Darwin)<\/p>\n\n\n\n<div style=\"height:20px\" aria-hidden=\"true\" class=\"wp-block-spacer\"><\/div>\n\n\n\n<p class=\"has-text-align-right\"><em><a href=\"https:\/\/www.czirpczirp.cc\/?page_id=4832\">English<\/a><\/em><\/p>\n\n\n\n<h2 class=\"wp-block-heading\"><strong>Soil Choir v.3.1. <\/strong><\/h2>\n\n\n\n<p>Soundskulptur.<br>Acryl, Metall, Supercollider-Code, Sensoren, Elektronik (Bela-Board, Teensy MCU, LED), Lautsprecher.<\/p>\n\n\n\n<p>Dieses Objekt ist gleichzeitig Soundskulptur und Wurm <strong>Habitat*<\/strong>. Durch das Glas sehen wir dem Wurmtreiben zu, das die Erde von oben nach unten, von links nach rechts durchkriecht. Damit tragen die W\u00fcrmer dazu bei, dass der Erdblock immer locker bleibt, durchl\u00fcftet und durchw\u00e4ssert wird. Die unterschiedliche Feuchte in den Humusschichten, gepaart mit dem Kriechen und Winden der W\u00fcrmer, k\u00f6nnen wir durch die Sensoren in der Skulptur h\u00f6ren.<\/p>\n\n\n\n<p>Erdw\u00fcrmer sind essenziell f\u00fcr das Bodenmilieu und pflegen sowohl umliegende Pflanzen als auch die Landschaft darum, denn ihre H\u00f6hlen bilden ein weitverzweigtes Netz, das den Boden bei starkem Regen in einen Schwamm verwandelt. Ein Wurm schafft ein mehrere Meter langes, in die Tiefe gehendes Tunnelsystem. Damit wird die Erde auch ganz unten im Erdreich mit gen\u00fcgend Wasser versorgt. Verschiedene Faktoren, wie \u00fcberm\u00e4\u00dfiger Einsatz von Pestiziden, Herbiziden und Ammoniak sowie schwere Landmaschinen st\u00f6ren dieses nat\u00fcrliche Gleichgewicht.<\/p>\n\n\n\n<p>Fun Fact: Auf einen Menschen kommen rund 7 Millionen Regenw\u00fcrmer. In der Welt der Wirbeltiere ist der Mensch in der \u00dcberzahl. Richten wir den Blick auf die vielen \u201eAnderen Tierchen\u201c auf der Erde, \u00fcbertreffen uns die wirbellosen W\u00fcrmer, Insekten und Einzeller bei Weitem! Sollten wir Demokratie in Bezug auf andere nichtmenschliche Mehrheiten auf der Erde vielleicht neu denken?<\/p>\n\n\n\n<div style=\"height:50px\" aria-hidden=\"true\" class=\"wp-block-spacer\"><\/div>\n\n\n\n<figure class=\"wp-block-image size-full\"><a href=\"https:\/\/www.czirpczirp.cc\/wp-content\/uploads\/2024\/09\/KLANGHAIN_soil-choir-I-\u00a9-Aled-Ordu.jpg\" rel=\"lightbox[4943]\"><img loading=\"lazy\" decoding=\"async\" width=\"800\" height=\"534\" src=\"https:\/\/www.czirpczirp.cc\/wp-content\/uploads\/2024\/09\/KLANGHAIN_soil-choir-I-\u00a9-Aled-Ordu.jpg\" alt=\"\" class=\"wp-image-5413\" srcset=\"https:\/\/www.czirpczirp.cc\/wp-content\/uploads\/2024\/09\/KLANGHAIN_soil-choir-I-\u00a9-Aled-Ordu.jpg 800w, https:\/\/www.czirpczirp.cc\/wp-content\/uploads\/2024\/09\/KLANGHAIN_soil-choir-I-\u00a9-Aled-Ordu-300x200.jpg 300w, https:\/\/www.czirpczirp.cc\/wp-content\/uploads\/2024\/09\/KLANGHAIN_soil-choir-I-\u00a9-Aled-Ordu-768x513.jpg 768w\" sizes=\"auto, (max-width: 800px) 100vw, 800px\" \/><\/a><figcaption class=\"wp-element-caption\">Bild: Aled Ordu, 2024.<\/figcaption><\/figure>\n\n\n\n<div style=\"height:20px\" aria-hidden=\"true\" class=\"wp-block-spacer\"><\/div>\n\n\n\n<h2 class=\"wp-block-heading\"><strong>JI\u0158\u00cd SUCH\u00c1NEK<\/strong><\/h2>\n\n\n\n<p>Sound- und Medienk\u00fcnstler Ji\u0159\u00ed Such\u00e1nek erforscht die Beziehung zwischen Natur, Technologie sowie die Strapazierbarkeit elektronischer Medien. Als Vertreter einer offenen und kollektiven Autorenschaft wird in seiner Arbeit auch die Umwelt, zum Beispiel, durch Zersetzungsprozesse, Erosion oder Selbstorganisation zur aktiven Mitautor:in.<\/p>\n\n\n\n<div style=\"height:20px\" aria-hidden=\"true\" class=\"wp-block-spacer\"><\/div>\n\n\n\n<p>Die Arbeit von Ji\u0159\u00ed Such\u00e1nek wurde durch die finanzielle Unterst\u00fctzung der Europ\u00e4ischen Union erm\u00f6glicht. Die darin ge\u00e4u\u00dferten Ansichten k\u00f6nnen jedoch in keiner Weise als offizielle Meinung der EU angesehen werden.<\/p>\n\n\n\n<figure class=\"wp-block-image size-full\"><a href=\"https:\/\/www.czirpczirp.cc\/wp-content\/uploads\/2023\/12\/Logos-Grantees-Transparent-Background-5_web.png\" rel=\"lightbox[4943]\"><img loading=\"lazy\" decoding=\"async\" width=\"800\" height=\"81\" src=\"https:\/\/www.czirpczirp.cc\/wp-content\/uploads\/2023\/12\/Logos-Grantees-Transparent-Background-5_web.png\" alt=\"\" class=\"wp-image-4842\" srcset=\"https:\/\/www.czirpczirp.cc\/wp-content\/uploads\/2023\/12\/Logos-Grantees-Transparent-Background-5_web.png 800w, https:\/\/www.czirpczirp.cc\/wp-content\/uploads\/2023\/12\/Logos-Grantees-Transparent-Background-5_web-300x30.png 300w, https:\/\/www.czirpczirp.cc\/wp-content\/uploads\/2023\/12\/Logos-Grantees-Transparent-Background-5_web-768x78.png 768w\" sizes=\"auto, (max-width: 800px) 100vw, 800px\" \/><\/a><\/figure>\n\n\n\n<div style=\"height:100px\" aria-hidden=\"true\" class=\"wp-block-spacer\"><\/div>\n\n\n\n<p><strong>* Habitat<\/strong>: In der Biologie beschreibt \u201eHabitat\u201c den Standort einer Tier- oder Pflanzenart innerhalb eines Biotops. Auf den Menschen \u00fcbertragen w\u00e4re das mit dem Gr\u00e4tzl vergleichbar.<\/p>\n","protected":false},"excerpt":{"rendered":"<p>\u201eIch bezweifle, dass es irgendeine andere Gattung gibt, die eine so wichtige Rolle in der Weltgeschichte gespielt hat wie diese einfach strukturierten Lebewesen.\u201c (Charles Darwin) English Soil Choir v.3.1. Soundskulptur.Acryl, Metall, Supercollider-Code, Sensoren, Elektronik (Bela-Board, Teensy MCU, LED), Lautsprecher. Dieses Objekt ist gleichzeitig Soundskulptur und Wurm Habitat*. Durch das Glas sehen wir dem Wurmtreiben zu, [&hellip;]<\/p>\n","protected":false},"author":1,"featured_media":5409,"parent":0,"menu_order":0,"comment_status":"closed","ping_status":"closed","template":"","meta":{"_seopress_robots_primary_cat":"","_seopress_titles_title":"Soil Choir, Jiri Suchanek, KLANGHAIN, Sch\u00f6nbornpark, Bio-Akustik","_seopress_titles_desc":"","_seopress_robots_index":"","footnotes":""},"class_list":["post-4943","page","type-page","status-publish","has-post-thumbnail","hentry"],"wp-worthy-pixel":{"ignored":false,"public":"9729d48cc67c46268f5ab67aebf4fd9a","server":"vg05.met.vgwort.de","url":"https:\/\/vg05.met.vgwort.de\/na\/9729d48cc67c46268f5ab67aebf4fd9a"},"wp-worthy-type":"normal","_links":{"self":[{"href":"https:\/\/www.czirpczirp.cc\/index.php?rest_route=\/wp\/v2\/pages\/4943","targetHints":{"allow":["GET"]}}],"collection":[{"href":"https:\/\/www.czirpczirp.cc\/index.php?rest_route=\/wp\/v2\/pages"}],"about":[{"href":"https:\/\/www.czirpczirp.cc\/index.php?rest_route=\/wp\/v2\/types\/page"}],"author":[{"embeddable":true,"href":"https:\/\/www.czirpczirp.cc\/index.php?rest_route=\/wp\/v2\/users\/1"}],"replies":[{"embeddable":true,"href":"https:\/\/www.czirpczirp.cc\/index.php?rest_route=%2Fwp%2Fv2%2Fcomments&post=4943"}],"version-history":[{"count":0,"href":"https:\/\/www.czirpczirp.cc\/index.php?rest_route=\/wp\/v2\/pages\/4943\/revisions"}],"wp:featuredmedia":[{"embeddable":true,"href":"https:\/\/www.czirpczirp.cc\/index.php?rest_route=\/wp\/v2\/media\/5409"}],"wp:attachment":[{"href":"https:\/\/www.czirpczirp.cc\/index.php?rest_route=%2Fwp%2Fv2%2Fmedia&parent=4943"}],"curies":[{"name":"wp","href":"https:\/\/api.w.org\/{rel}","templated":true}]}}